h + 16. What is the highest common factor of y and 28?
7
Let p(q) = -q**3 + 5*q**2 + 5*q + 7. Suppose 0 = 5*m + 3*h - 55 + 16, 2*m + 5*h = 27. Let b be p(m). Calculate the highest common factor of b and 8.
1
Let v(m) = -5*m**2 - 2*m + 0*m + m**3 + 2*m**2. Let g be v(4). Let w be 1/4 + 46/g. What is the highest common divisor of 24 and w?
6
Let l be -2*1*(-15)/2. Let n be -1 - (-6)/(2/1). Suppose n*r = 6*r - 60. What is the greatest common factor of l and r?
15
Let y be -1*(-3 + 2*-48). Calculate the highest common divisor of 9 and y.
9
Let v be ((-3)/6)/(2/4). Let i be 2 + v - (-2 + -21). Calculate the greatest common factor of 3 and i.
3
Suppose 26 + 49 = 5*o. What is the highest common factor of o and 25?
5
Let n(z) = -z**3 - 6*z**2 - 3. Let w be (7/4)/((-1)/4). Let d be n(w). What is the highest common factor of 115 and d?
23
Suppose 5*s - 4*r - 92 = 0, 2*s + r = 5*r + 44. Suppose 319 - 11 = 3*v - 4*h, 0 = -4*h + s. Calculate the greatest common divisor of v and 12.
12
Suppose -2*i = -z + 4*z - 17, 5*z + 5 = 0. Suppose 0*x + 5 = 2*x + 5*n, 3*n + 9 = 0. Calculate the greatest common divisor of i and x.
10
Let l be (-7)/(210/(-108)) - (-6)/(-10). Calculate the highest common factor of l and 21.
3
Let c be (2 - -1) + 0 + 0. Suppose c*g - 4*t - 5 = 0, 5*g - t = -5*t + 19. Calculate the greatest common factor of g and 1.
1
Suppose 0*p + p - m - 55 = 0, -10 = -2*m. Calculate the greatest common factor of 15 and p.
15
Suppose 2*q - 12 = 8. What is the greatest common divisor of 10 and q?
10
Let x(m) = -2*m - 7. Let i be x(-5). Suppose 128 = i*a + a. What is the greatest common factor of a and 8?
8
Let o be 1290/9 + 2/3. Suppose -5*m + 345 = 4*c, 8*m = 3*c + 3*m - 285. Let b be (c/(-35))/((-2)/14). Calculate the highest common divisor of o and b.
18
Let m(s) = 3*s + 2. Let u = -5 - -9. Let t be m(u). Calculate the highest common factor of t and 98.
14
Suppose -71 = -j + 6. What is the highest common factor of j and 22?
11
Let w be 4/(-2) + 0 + -1. Let p(s) = 9*s**2 + 2*s - 2. Let n be p(w). Let h = n - 33. What is the greatest common factor of 8 and h?
8
Let v = 9 + -4. Suppose l = v*l - 48. Calculate the highest common divisor of 108 and l.
12
Let r(b) = 18*b**2 + 4*b + 4. Let h(g) = -19*g**2 - 5*g - 5. Let t(f) = 5*h(f) + 6*r(f). Let m be t(-1). Calculate the greatest common divisor of 91 and m.
13
Let v = 117 - 57. Suppose y - v = -y. What is the highest common factor of 10 and y?
10
Let t = 16 - 13. Suppose 4*y - t*y - 33 = 5*z, -2*y + 38 = 4*z. Calculate the highest common divisor of y and 69.
23
Let k(r) = 12*r + 6. Let i be k(4). Calculate the highest common factor of i and 6.
6
Let g be 8305/66 - (-1)/6. What is the highest common factor of 14 and g?
14
Suppose -2*v - 2 = 5*j, 4*j + 40 = 4*v + 3*j. Let k be (-14)/(-5) + 2/10. What is the highest common divisor of v and k?
3
Let u(a) = 35*a + 7. Let c be u(5). What is the highest common factor of c and 26?
26
Let l(c) = -3*c + 1. Let n be l(-7). Calculate the greatest common divisor of n and 66.
22
Suppose -3*s + t = s - 21, -5*t - 29 = -s. Calculate the highest common divisor of 12 and s.
4
Suppose 35 = k - 35. Suppose -50 = -0*t - 5*t. What is the greatest common divisor of t and k?
10
Let g(a) = 13*a**3 - 5*a**2. Let w be g(2). Calculate the highest common factor of 56 and w.
28
Suppose -9*q = -12*q + 216. Calculate the greatest common factor of q and 24.
24
Suppose -5*v = -4*a + 235, -a + 229 = 3*a - 3*v. Calculate the highest common divisor of 5 and a.
5
Let p = 305 + -177. Calculate the greatest common factor of 16 and p.
16
Suppose 0*n = -2*n + 2, -n = 3*f - 10. Suppose 1 = -2*w + f*w. What is the greatest common factor of w and 1?
1
Let h be -1*(2/(-1) - 8). Suppose -h - 14 = -2*s. Suppose 3*o + 3 = 3*z, -o = -3 - 2. What is the greatest common divisor of s and z?
6
Let v(a) = a**2 - 10*a. Let z be v(14). Let g be (4/3)/((-1)/(-3)). Suppose -z = -g*d + 28. What is the greatest common divisor of 3 and d?
3
Suppose -5*m = -2*m - 42. Suppose 7 = x - 2. Let n be (2/(-3))/((-3)/x). What is the highest common factor of m and n?
2
Let i(g) = -g**3 + 30*g**2 + 67*g - 51. Let d be i(32). Let j = 18 + -9. What is the greatest common factor of j and d?
9
Suppose -4*o + 175 = 4*v + v, -5*o + 5*v + 230 = 0. What is the greatest common divisor of o and 15?
15
Let o = 5 - 2. Suppose y + o*y = 0. Let z(h) = -h**2 + 18. Let x be z(y). Calculate the highest common factor of 18 and x.
18
Suppose 121*i - 126*i + 70 = 0. Calculate the highest common divisor of 6 and i.
2
Suppose 3*k + 3*k + 144 = 0. Let d = 40 + k. What is the greatest common factor of d and 128?
16
Let p(d) = d**2 - 4*d + 4. Let z be p(4). Suppose 0*w + w = z. Suppose -w*q - q = -315. Calculate the greatest common factor of 7 and q.
7
Let w(t) be the third derivative of -7*t**4/24 - 2*t**3/3 - 7*t**2. Let i = 0 - 4. Let a be w(i). What is the highest common factor of a and 16?
8
Let h be 72 - -1*1/(-1). Let l = h + -50. Let i be 1/2 - 52/(-8). What is the greatest common divisor of l and i?
7
Let z(g) = 2*g**2 + 5*g + 3. Let d be -5 + 1 + (0 - -2). Let f = 2 - d. Let n be z(f). Calculate the greatest common factor of n and 11.
11
Suppose q - 5*q + 36 = 0. Let a be (9/4)/(1 + 43/(-44)). What is the greatest common divisor of q and a?
9
Let h be (-1)/5 + (-41)/(-5). Suppose -4*i - 5 = -37. Calculate the highest common divisor of i and h.
8
Suppose 504 = 12*i - 4*i. Suppose -2*q - 3*x + 27 = 0, q - 3*x + 2*x = 6. Calculate the highest common factor of i and q.
9
Let b(p) = -1 - 15*p - 21*p - 9*p - 8*p. Let q be b(-2). Calculate the highest common divisor of 21 and q.
21
Suppose i = 5*j + 102, -3*j + 9 = 2*i - 221. Calculate the greatest common factor of i and 28.
28
Suppose 2*s + 3*r - 88 = 0, -3*s + 44 = -2*s - 4*r. What is the greatest common divisor of 4 and s?
4
Let v be 12 + -1 + (2 - 0). Let b(m) = -2*m**2 + 13*m - 2. Let g be b(9). Let t = -34 - g. What is the greatest common factor of v and t?
13
Suppose 4*x - 49 = -3*p + 26, -2*x = -2*p - 34. Let y(d) = -d**2 + 11*d + 6. Let z be y(5). Calculate the highest common factor of x and z.
18
Suppose 34 = -4*t + 6*t. What is the greatest common divisor of 68 and t?
17
Let i = -33 - -49. Let a(m) = -29*m + 2. Let y be a(-6). What is the highest common divisor of i and y?
16
Suppose -2*t = 5*g + 10, -12 = -g + 5*t + 13. Suppose -p + 3*p - 90 = g. Calculate the highest common factor of p and 5.
5
Suppose -5*a + 534 = 349. What is the greatest common factor of 296 and a?
37
Suppose 98 + 58 = 26*o. Let v = -10 - -19. Calculate the greatest common factor of v and o.
3
Let y(l) = -l**2 - 7*l - 4. Suppose -4*m + u = 2*u + 17, -3*u = -4*m - 29. Let x be y(m). What is the greatest common factor of x and 3?
3
Suppose 2*k = 94 + 20. What is the highest common factor of k and 19?
19
Suppose 4*i + 6 = -5*y - 0, -3*y + i = -10. Suppose m + 0*m = y. Let b be (m/4*22)/1. What is the greatest common factor of b and 22?
11
Let p = -17 + 32. Let n = 1 + 2. Suppose 5*f + 1 = -w + 304, f = n*w + 51. Calculate the highest common factor of p and f.
15
Let g(s) = 3*s**2 - 4*s - 2. Suppose -3*w + 13 - 1 = 0. Let m be g(w). Suppose -m = -2*a + q, -q = -4*a + 53 + 9. What is the highest common factor of 2 and a?
2
Suppose -1 = -r - 2*d, -2*r - 5*d + 8 = 1. Let q be 6/r + 46/6. What is the greatest common divisor of q and 7?
7
Suppose 3 = -2*q - 21. Let f be ((-6)/(-5))/(q/(-400)). What is the greatest common factor of f and 8?
8
Let q be 4/(2/1) + 0. Suppose -q*b + 20 = -6*b, 4*t + b - 47 = 0. What is the highest common factor of t and 39?
13
Let h be -3 + 4 - -28 - 3/(-1). Calculate the greatest common divisor of h and 16.
16
Suppose f + 3*u - 29 = 0, -3*f + 5*u + 0*u = -115. Let h = 100 - f. Let o be ((-1014)/273)/(1/(-7)). What is the greatest common divisor of o and h?
13
Let h(j) = 2*j**2 + j - 2. Suppose -2*g - 16 = -4*d, d + 4*g = 2*g + 14. Let l be h(d). Calculate the highest common factor of l and 19.
19
Suppose -p = -5*p + 120. Let k(t) = t + 10. Let x be k(-6). Suppose 0 = 2*y - 4*c - 8, 0 = -2*y + 2*c - x*c + 32. What is the highest common divisor of p and y?
6
Let c be 36/1 - (-4 - -4). Let m = -26 + 30. What is the greatest common factor of c and m?
4
Suppose -57*o = -52*o - 330. What is the high